   

    

    

    {"id":15129,"date":"2024-01-29T13:39:37","date_gmt":"2024-01-29T19:39:37","guid":{"rendered":"http:\/\/amelica.org\/?page_id=15129"},"modified":"2024-01-29T17:19:30","modified_gmt":"2024-01-29T23:19:30","slug":"principios-y-valores","status":"publish","type":"page","link":"https:\/\/amelica.org\/index.php\/principios-y-valores\/","title":{"rendered":"Principios y Valores"},"content":{"rendered":"\n<style>\n\/*Inicio principios y valores*\/\nol{\n    \/* max-width: 350px; *\/\n    counter-reset: my-awesome-counter;\n    list-style: none !important;\n    padding-left: 40px;\n    \n  }\n  ol, li {\n    margin: 0 0 0.5rem 0;\n    position: relative;\n    padding-left: 10px;\n  }\n  ol li::before {\n    counter-increment: my-awesome-counter;\n    content: counter(my-awesome-counter);\n    color: #ffffff;\n    font-size: 1.5rem;\n    font-weight: bold;\n    position: absolute;\n    --size: 32px;\n    left: calc(-1 * var(--size) - 10px);\n    line-height: var(--size);\n    width: var(--size);\n    height: var(--size);\n    top: 0;\n    \/* transform: rotate(-10deg); *\/\n    background: #1b9280;\n    \/* border-radius: 50%; *\/\n    text-align: center;\n    box-shadow: 1px 1px 0 #999;\n  }\n\n  .title-list{\n    font-weight: bold;\n    color: black;\n    font-size: 13pt;\n    padding-top: 5px;\n  }\n\/*Fin principios y valores*\/\n<\/style>\n<div style=\"margin: 0px 35px\">\n<ol>\n            <li>\n              <p class=\"title-list\">Derecho universal<\/p>\n              <p>La ciencia es un bien p\u00fablico global y el acceso a ella es un derecho universal.<\/p>\n            <\/li>\n            <li>\n              <p class=\"title-list\">Equidad, diversidad y multiling\u00fcismo<\/p>\n              <p>La ciencia es inclusiva, multiling\u00fce, accesible, reutilizable y colaborativa.<\/p>\n            <\/li>\n            <li>\n              <p class=\"title-list\">Propiedad de la academia y patrimonio de la humanidad<\/p>\n              <p>La producci\u00f3n cient\u00edfica es propiedad de la academia y se debe al desarrollo y progreso de la sociedad como patrimonio de la humanidad.<\/p>\n            <\/li>\n            <li>\n              <p class=\"title-list\">Reconocimiento y valoraci\u00f3n<\/p>\n              <p>Las entidades de acreditaci\u00f3n, investigaci\u00f3n y financiaci\u00f3n deben reconocer, evaluar e incentivar los medios no comerciales de producci\u00f3n y circulaci\u00f3n del conocimiento cient\u00edfico.<\/p>\n            <\/li>\n            <li>\n              <p class=\"title-list\">Colaboraci\u00f3n<\/p>\n              <p>La interacci\u00f3n y colaboraci\u00f3n entre los agentes no comerciales, publicaciones cient\u00edficas e infraestructuras abiertas es necesaria para la construcci\u00f3n de ecosistemas de bienes p\u00fablicos.<\/p>\n            <\/li>\n          <\/ol>\n<\/div>\n","protected":false},"excerpt":{"rendered":"<p>Derecho universal La ciencia es un bien p\u00fablico global y el acceso a ella es un derecho universal. Equidad, diversidad y multiling\u00fcismo La ciencia es inclusiva, multiling\u00fce, accesible, reutilizable y colaborativa. Propiedad de la academia y patrimonio de la humanidad La producci\u00f3n cient\u00edfica es propiedad de la academia y se debe al desarrollo y progreso [&hellip;]<\/p>\n","protected":false},"author":2,"featured_media":0,"parent":0,"menu_order":0,"comment_status":"closed","ping_status":"closed","template":"","meta":{"_mi_skip_tracking":false,"_monsterinsights_sitenote_active":false,"_monsterinsights_sitenote_note":"","_monsterinsights_sitenote_category":0,"footnotes":""},"aioseo_notices":[],"_links":{"self":[{"href":"https:\/\/amelica.org\/index.php\/wp-json\/wp\/v2\/pages\/15129"}],"collection":[{"href":"https:\/\/amelica.org\/index.php\/wp-json\/wp\/v2\/pages"}],"about":[{"href":"https:\/\/amelica.org\/index.php\/wp-json\/wp\/v2\/types\/page"}],"author":[{"embeddable":true,"href":"https:\/\/amelica.org\/index.php\/wp-json\/wp\/v2\/users\/2"}],"replies":[{"embeddable":true,"href":"https:\/\/amelica.org\/index.php\/wp-json\/wp\/v2\/comments?post=15129"}],"version-history":[{"count":11,"href":"https:\/\/amelica.org\/index.php\/wp-json\/wp\/v2\/pages\/15129\/revisions"}],"predecessor-version":[{"id":15184,"href":"https:\/\/amelica.org\/index.php\/wp-json\/wp\/v2\/pages\/15129\/revisions\/15184"}],"wp:attachment":[{"href":"https:\/\/amelica.org\/index.php\/wp-json\/wp\/v2\/media?parent=15129"}],"curies":[{"name":"wp","href":"https:\/\/api.w.org\/{rel}","templated":true}]}}