   

    

    

    {"id":14207,"date":"2023-10-24T11:12:00","date_gmt":"2023-10-24T17:12:00","guid":{"rendered":"http:\/\/amelica.org\/?post_type=lsvr_gallery&#038;p=14207"},"modified":"2023-12-08T11:07:22","modified_gmt":"2023-12-08T17:07:22","slug":"visitas-al-edificio-redalyc","status":"publish","type":"lsvr_gallery","link":"https:\/\/amelica.org\/index.php\/galleries\/visitas-al-edificio-redalyc\/","title":{"rendered":"El Acceso Abierto Digital Diamante: resultados de tres iniciativas colaborativas a nivel de regi\u00f3n, pa\u00eds e instituci\u00f3n. Los casos de Centroam\u00e9rica y Cuba, Angola y Universidad Aut\u00f3noma de Aguascalientes."},"content":{"rendered":"","protected":false},"excerpt":{"rendered":"","protected":false},"author":23,"featured_media":14569,"template":"","meta":{"_mi_skip_tracking":false,"_monsterinsights_sitenote_active":false,"_monsterinsights_sitenote_note":"","_monsterinsights_sitenote_category":0},"lsvr_gallery_cat":[647,645,643],"lsvr_gallery_tag":[],"aioseo_notices":[],"_links":{"self":[{"href":"https:\/\/amelica.org\/index.php\/wp-json\/wp\/v2\/lsvr_gallery\/14207"}],"collection":[{"href":"https:\/\/amelica.org\/index.php\/wp-json\/wp\/v2\/lsvr_gallery"}],"about":[{"href":"https:\/\/amelica.org\/index.php\/wp-json\/wp\/v2\/types\/lsvr_gallery"}],"author":[{"embeddable":true,"href":"https:\/\/amelica.org\/index.php\/wp-json\/wp\/v2\/users\/23"}],"version-history":[{"count":2,"href":"https:\/\/amelica.org\/index.php\/wp-json\/wp\/v2\/lsvr_gallery\/14207\/revisions"}],"predecessor-version":[{"id":14577,"href":"https:\/\/amelica.org\/index.php\/wp-json\/wp\/v2\/lsvr_gallery\/14207\/revisions\/14577"}],"wp:featuredmedia":[{"embeddable":true,"href":"https:\/\/amelica.org\/index.php\/wp-json\/wp\/v2\/media\/14569"}],"wp:attachment":[{"href":"https:\/\/amelica.org\/index.php\/wp-json\/wp\/v2\/media?parent=14207"}],"wp:term":[{"taxonomy":"lsvr_gallery_cat","embeddable":true,"href":"https:\/\/amelica.org\/index.php\/wp-json\/wp\/v2\/lsvr_gallery_cat?post=14207"},{"taxonomy":"lsvr_gallery_tag","embeddable":true,"href":"https:\/\/amelica.org\/index.php\/wp-json\/wp\/v2\/lsvr_gallery_tag?post=14207"}],"curies":[{"name":"wp","href":"https:\/\/api.w.org\/{rel}","templated":true}]}}

El Acceso Abierto Digital Diamante: resultados de tres iniciativas colaborativas a nivel de región, país e institución. Los casos de Centroamérica y Cuba, Angola y Universidad Autónoma de Aguascalientes.
