   

    

    

    {"id":15640,"date":"2025-01-09T08:44:08","date_gmt":"2025-01-09T14:44:08","guid":{"rendered":"https:\/\/amelica.org\/?post_type=lsvr_event&#038;p=15640"},"modified":"2025-01-09T08:44:09","modified_gmt":"2025-01-09T14:44:09","slug":"workshop-on-open-citations-and-open-scholarly-metadata-2025","status":"publish","type":"lsvr_event","link":"https:\/\/amelica.org\/index.php\/events\/workshop-on-open-citations-and-open-scholarly-metadata-2025\/","title":{"rendered":"Workshop on Open Citations and Open Scholarly Metadata 2025"},"content":{"rendered":"\n<p>Arianna Becerril Garc\u00eda, Executive Director at Redalyc, Chair at AmeliCA, researcher and professor UAEM\u00e9x participate as a speaker in Workshop on Open Citations and Open Scholarly Metadata 2025.<\/p>\n\n\n\n<p>Localizaci\u00f3n: In-person<br><\/p>\n\n\n\n<figure class=\"wp-block-embed is-type-wp-embed is-provider-opencitations-blog wp-block-embed-opencitations-blog\"><div class=\"wp-block-embed__wrapper\">\n<blockquote class=\"wp-embedded-content\" data-secret=\"yeRUdS3T1d\"><a href=\"https:\/\/opencitations.hypotheses.org\/3700\">Apply now to the Workshop on Open Citations and Open Scholarly Metadata 2025: the call for participation and contributions is open!\u00a0<\/a><\/blockquote><iframe class=\"wp-embedded-content\" sandbox=\"allow-scripts\" security=\"restricted\" style=\"position: absolute; clip: rect(1px, 1px, 1px, 1px);\" title=\"&#8220;Apply now to the Workshop on Open Citations and Open Scholarly Metadata 2025: the call for participation and contributions is open!\u00a0&#8221; &#8212; OpenCitations blog\" src=\"https:\/\/opencitations.hypotheses.org\/3700\/embed#?secret=t7q9GfdRXC#?secret=yeRUdS3T1d\" data-secret=\"yeRUdS3T1d\" width=\"500\" height=\"282\" frameborder=\"0\" marginwidth=\"0\" marginheight=\"0\" scrolling=\"no\"><\/iframe>\n<\/div><\/figure>\n","protected":false},"excerpt":{"rendered":"<p>Arianna Becerril Garc\u00eda, Executive Director at Redalyc, Chair at AmeliCA, researcher and professor UAEM\u00e9x participate as a speaker in Workshop on Open Citations and Open Scholarly Metadata 2025. Localizaci\u00f3n: In-person<\/p>\n","protected":false},"author":23,"featured_media":15636,"template":"","meta":{"_mi_skip_tracking":false,"_monsterinsights_sitenote_active":false,"_monsterinsights_sitenote_note":"","_monsterinsights_sitenote_category":0},"lsvr_event_cat":[],"lsvr_event_tag":[],"aioseo_notices":[],"_links":{"self":[{"href":"https:\/\/amelica.org\/index.php\/wp-json\/wp\/v2\/lsvr_event\/15640"}],"collection":[{"href":"https:\/\/amelica.org\/index.php\/wp-json\/wp\/v2\/lsvr_event"}],"about":[{"href":"https:\/\/amelica.org\/index.php\/wp-json\/wp\/v2\/types\/lsvr_event"}],"author":[{"embeddable":true,"href":"https:\/\/amelica.org\/index.php\/wp-json\/wp\/v2\/users\/23"}],"version-history":[{"count":1,"href":"https:\/\/amelica.org\/index.php\/wp-json\/wp\/v2\/lsvr_event\/15640\/revisions"}],"predecessor-version":[{"id":15641,"href":"https:\/\/amelica.org\/index.php\/wp-json\/wp\/v2\/lsvr_event\/15640\/revisions\/15641"}],"wp:featuredmedia":[{"embeddable":true,"href":"https:\/\/amelica.org\/index.php\/wp-json\/wp\/v2\/media\/15636"}],"wp:attachment":[{"href":"https:\/\/amelica.org\/index.php\/wp-json\/wp\/v2\/media?parent=15640"}],"wp:term":[{"taxonomy":"lsvr_event_cat","embeddable":true,"href":"https:\/\/amelica.org\/index.php\/wp-json\/wp\/v2\/lsvr_event_cat?post=15640"},{"taxonomy":"lsvr_event_tag","embeddable":true,"href":"https:\/\/amelica.org\/index.php\/wp-json\/wp\/v2\/lsvr_event_tag?post=15640"}],"curies":[{"name":"wp","href":"https:\/\/api.w.org\/{rel}","templated":true}]}}

<p>Arianna Becerril García, Executive Director at Redalyc, Chair at AmeliCA, researcher and professor UAEMéx participate as a speaker in Workshop on Open Citations and Open Scholarly Metadata 2025.</p>



<p>Localización: In-person<br></p>



<figure class="wp-block-embed is-type-wp-embed is-provider-opencitations-blog wp-block-embed-opencitations-blog"><div class="wp-block-embed__wrapper">
<blockquote class="wp-embedded-content" data-secret="yeRUdS3T1d"><a href="https://opencitations.hypotheses.org/3700">Apply now to the Workshop on Open Citations and Open Scholarly Metadata 2025: the call for participation and contributions is open! </a></blockquote><iframe class="wp-embedded-content" sandbox="allow-scripts" security="restricted" style="position: absolute; clip: rect(1px, 1px, 1px, 1px);" title="&#8220;Apply now to the Workshop on Open Citations and Open Scholarly Metadata 2025: the call for participation and contributions is open! &#8221; &#8212; OpenCitations blog" src="https://opencitations.hypotheses.org/3700/embed#?secret=t7q9GfdRXC#?secret=yeRUdS3T1d" data-secret="yeRUdS3T1d" width="500" height="282" frameborder="0" marginwidth="0" marginheight="0" scrolling="no"></iframe>
</div></figure>

<p>Arianna Becerril García, Executive Director at Redalyc, Chair at AmeliCA, researcher and professor UAEMéx participate as a speaker in Workshop on Open Citations and Open Scholarly Metadata 2025. Localización: In-person</p>
