   

    

    

    {"id":15332,"date":"2024-02-07T10:39:00","date_gmt":"2024-02-07T16:39:00","guid":{"rendered":"http:\/\/amelica.org\/?post_type=lsvr_event&#038;p=15332"},"modified":"2024-09-13T10:40:17","modified_gmt":"2024-09-13T16:40:17","slug":"entorno-normativo-politicas-y-planes-estrategicos-para-impulsar-la-ciencia-abierta","status":"publish","type":"lsvr_event","link":"https:\/\/amelica.org\/index.php\/events\/entorno-normativo-politicas-y-planes-estrategicos-para-impulsar-la-ciencia-abierta\/","title":{"rendered":"Entorno normativo, pol\u00edticas y planes estrat\u00e9gicos para impulsar la Ciencia Abierta"},"content":{"rendered":"\n<p>\u00a0El 07 de Febrero de 2024, el Dr. Eduardo Aguado L\u00f3pez fue parte del panel en el evento sobre Ciencia Abierta en Cuba. Su participaci\u00f3n se centr\u00f3 en el an\u00e1lisis del entorno normativo, pol\u00edticas y planes estrat\u00e9gicos para impulsar la Ciencia Abierta. Este evento refleja su compromiso y experiencia en el campo, contribuyendo as\u00ed al avance de la investigaci\u00f3n cient\u00edfica y la colaboraci\u00f3n internacional<\/p>\n\n\n\n<p><strong>Localizaci\u00f3n: <\/strong>Cuba<\/p>\n\n\n\n<p><strong>Enlace:\u00a0<\/strong><a href=\"https:\/\/www.youtube.com\/watch?v=PDOZqTzVgks\"><strong>D\u00eda 7 &#8211; Sala 5 I Taller Internacional sobre Ciencia Abierta en la Educaci\u00f3n Superior<\/strong><\/a><\/p>\n","protected":false},"excerpt":{"rendered":"<p>\u00a0El 07 de Febrero de 2024, el Dr. Eduardo Aguado L\u00f3pez fue parte del panel en el evento sobre Ciencia Abierta en Cuba. Su participaci\u00f3n se centr\u00f3 en el an\u00e1lisis del entorno normativo, pol\u00edticas y planes estrat\u00e9gicos para impulsar la Ciencia Abierta. Este evento refleja su compromiso y experiencia en el campo, contribuyendo as\u00ed al [&hellip;]<\/p>\n","protected":false},"author":23,"featured_media":15331,"template":"","meta":{"_mi_skip_tracking":false,"_monsterinsights_sitenote_active":false,"_monsterinsights_sitenote_note":"","_monsterinsights_sitenote_category":0},"lsvr_event_cat":[],"lsvr_event_tag":[],"aioseo_notices":[],"_links":{"self":[{"href":"https:\/\/amelica.org\/index.php\/wp-json\/wp\/v2\/lsvr_event\/15332"}],"collection":[{"href":"https:\/\/amelica.org\/index.php\/wp-json\/wp\/v2\/lsvr_event"}],"about":[{"href":"https:\/\/amelica.org\/index.php\/wp-json\/wp\/v2\/types\/lsvr_event"}],"author":[{"embeddable":true,"href":"https:\/\/amelica.org\/index.php\/wp-json\/wp\/v2\/users\/23"}],"version-history":[{"count":1,"href":"https:\/\/amelica.org\/index.php\/wp-json\/wp\/v2\/lsvr_event\/15332\/revisions"}],"predecessor-version":[{"id":15333,"href":"https:\/\/amelica.org\/index.php\/wp-json\/wp\/v2\/lsvr_event\/15332\/revisions\/15333"}],"wp:featuredmedia":[{"embeddable":true,"href":"https:\/\/amelica.org\/index.php\/wp-json\/wp\/v2\/media\/15331"}],"wp:attachment":[{"href":"https:\/\/amelica.org\/index.php\/wp-json\/wp\/v2\/media?parent=15332"}],"wp:term":[{"taxonomy":"lsvr_event_cat","embeddable":true,"href":"https:\/\/amelica.org\/index.php\/wp-json\/wp\/v2\/lsvr_event_cat?post=15332"},{"taxonomy":"lsvr_event_tag","embeddable":true,"href":"https:\/\/amelica.org\/index.php\/wp-json\/wp\/v2\/lsvr_event_tag?post=15332"}],"curies":[{"name":"wp","href":"https:\/\/api.w.org\/{rel}","templated":true}]}}

Entorno normativo, políticas y planes estratégicos para impulsar la Ciencia Abierta

<p> El 07 de Febrero de 2024, el Dr. Eduardo Aguado López fue parte del panel en el evento sobre Ciencia Abierta en Cuba. Su participación se centró en el análisis del entorno normativo, políticas y planes estratégicos para impulsar la Ciencia Abierta. Este evento refleja su compromiso y experiencia en el campo, contribuyendo así al avance de la investigación científica y la colaboración internacional</p>



<p><strong>Localización: </strong>Cuba</p>



<p><strong>Enlace: </strong><a href="https://www.youtube.com/watch?v=PDOZqTzVgks"><strong>Día 7 &#8211; Sala 5 I Taller Internacional sobre Ciencia Abierta en la Educación Superior</strong></a></p>

<p> El 07 de Febrero de 2024, el Dr. Eduardo Aguado López fue parte del panel en el evento sobre Ciencia Abierta en Cuba. Su participación se centró en el análisis del entorno normativo, políticas y planes estratégicos para impulsar la Ciencia Abierta. Este evento refleja su compromiso y experiencia en el campo, contribuyendo así al [&hellip;]</p>
